50
Calculate the remainder when 56274 is divided by 18753.
15
Calculate the remainder when 37901560 is divided by 352.
312
What is the remainder when 66969985 is divided by 9948?
49
Calculate the remainder when 6164126 is divided by 158053.
59
Calculate the remainder when 1941612 is divided by 1743.
1653
What is the remainder when 652031 is divided by 2012?
143
Calculate the remainder when 168039052 is divided by 261.
205
Calculate the remainder when 2232301 is divided by 2231957.
344
What is the remainder when 24630569 is divided by 6157623?
77
Calculate the remainder when 1778227 is divided by 1332.
7
What is the remainder when 338519 is divided by 112745?
284
Calculate the remainder when 10468502 is divided by 11.
0
What is the remainder when 3998811 is divided by 153799?
37
What is the remainder when 2419631 is divided by 85?
21
What is the remainder when 2143449 is divided by 194578?
3091
Calculate the remainder when 543177 is divided by 543175.
2
Calculate the remainder when 518316 is divided by 800.
716
Calculate the remainder when 6966345 is divided by 12308.
17
Calculate the remainder when 112503 is divided by 37500.
3
What is the remainder when 1351493 is divided by 4490?
3
What is the remainder when 1721609 is divided by 98?
43
Calculate the remainder when 1791451 is divided by 159.
157
What is the remainder when 8683439 is divided by 81?
77
What is the remainder when 15122505 is divided by 52?
21
Calculate the remainder when 24835 is divided by 4778.
945
Calculate the remainder when 84910 is divided by 7804.
6870
Calculate the remainder when 133626926 is divided by 83.
80
Calculate the remainder when 73394 is divided by 269.
226
What is the remainder when 8471 is divided by 422?
31
Calculate the remainder when 93811256 is divided by 813.
812
What is the remainder when 1596036 is divided by 954?
948
Calculate the remainder when 5980870 is divided by 14.
0
Calculate the remainder when 651815309 is divided by 870.
869
What is the remainder when 3052679 is divided by 8?
7
What is the remainder when 139999 is divided by 69956?
87
What is the remainder when 187739 is divided by 58?
51
What is the remainder when 2424792 is divided by 808260?
12
Calculate the remainder when 2735206 is divided by 683796.
22
Calculate the remainder when 153601 is divided by 5124.
5005
Calculate the remainder when 63033807 is divided by 3707869.
34
Calculate the remainder when 222471 is divided by 353.
81
Calculate the remainder when 5612392 is divided by 485.
457
What is the remainder when 54405965 is divided by 764?
761
What is the remainder when 14614740 is divided by 1094?
1088
Calculate the remainder when 4592052 is divided by 765341.
6
Calculate the remainder when 11887626 is divided by 53.
44
Calculate the remainder when 144381874 is divided by 244.
242
Calculate the remainder when 440606 is divided by 236.
230
Calculate the remainder when 374723 is divided by 124786.
365
What is the remainder when 18004 is divided by 235?
144
What is the remainder when 839574 is divided by 595?
29
Calculate the remainder when 6366905 is divided by 39.
38
Calculate the remainder when 74180 is divided by 63.
29
What is the remainder when 235024013 is divided by 2818?
2813
What is the remainder when 5245282 is divided by 293?
289
What is the remainder when 44384820 is divided by 86520?
60
Calculate the remainder when 12768490 is divided by 53.
48
What is the remainder when 33302559 is divided by 54684?
3
Calculate the remainder when 49224107 is divided by 24612035.
37
What is the remainder when 75664 is divided by 488?
24
Calculate the remainder when 16164 is divided by 222.
180
What is the remainder when 514754 is divided by 11437?
89
What is the remainder when 2799489 is divided by 311052?
21
What is the remainder when 1250713 is divided by 2270?
2213
What is the remainder when 902768 is divided by 106?
72
Calculate the remainder when 1177524 is divided by 2872.
4
What is the remainder when 108702 is divided by 36193?
123
Calculate the remainder when 22405361 is divided by 1018425.
11
What is the remainder when 13321868 is divided by 33641?
32
What is the remainder when 254071413 is divided by 445?
443
Calculate the remainder when 5237485 is divided by 149.
135
Calculate the remainder when 1985550 is divided by 208.
190
Calculate the remainder when 252385 is divided by 95.
65
Calculate the remainder when 948456 is divided by 3809.
15
Calculate the remainder when 1014054 is divided by 70.
34
What is the remainder when 2067862 is divided by 108824?
206
What is the remainder when 5778303 is divided by 2575?
3
What is the remainder when 145860471 is divided by 4404?
4395
What is the remainder when 1347745 is divided by 65?
35
What is the remainder when 171350 is divided by 2116?
2070
What is the remainder when 46927658 is divided by 1466489?
10
What is the remainder when 179728 is divided by 42?
10
Calculate the remainder when 2181049 is divided by 64.
57
What is the remainder when 2099194 is divided by 21641?
17
Calculate the remainder when 2096881674 is divided by 535.
534
Calculate the remainder when 280776 is divided by 280635.
141
What is the remainder when 13520112 is divided by 1831?
8
Calculate the remainder when 62277 is divided by 20553.
618
What is the remainder when 56120 is divided by 27946?
228
Calculate the remainder when 36326781 is divided by 903.
897
Calculate the remainder when 1980503 is divided by 1323.
1295
Calculate the remainder when 350211625 is divided by 3714.
3709
What is the remainder when 492051 is divided by 247?
27
Calculate the remainder when 9273 is divided by 2286.
129
What is the remainder when 3471865 is divided by 323?
261
What is the remainder when 6215389 is divided by 62?
13
Calculate the remainder when 26973453 is divided by 80.
13
Calculate the remainder when 370345811 is divided by 35.
31
What is the remainder when 675516 is divided by 210?
156
Calculate the remainder when 2203365 is divided by 17.
12
Calculate the remainder when 2784388 is divided by 163787.
9
What is the remainder when 51596 is divided by 3834?
1754
What is the remainder when 54051477 is divided by 214?
213
What is the remainder when 1668144 is divided by 238267?
275
What is the remainder when 432405 is divided by 3300?
105
Calculate the remainder when 2526840 is divided by 172.
160
What is the remainder when 2913641 is divided by 303?
296
What is the remainder when 701166 is divided by 69815?
3016
Calculate the remainder when 2945471 is divided by 566.
7
What is the remainder when 168161303 is divided by 335?
13
Calculate the remainder when 376556 is divided by 410.
176
Calculate the remainder when 16534321 is divided by 17646.
19
What is the remainder when 6176935 is divided by 43?
28
Calculate the remainder when 22741 is divided by 5580.
421
What is the remainder when 243413 is divided by 80?
53
What is the remainder when 2778358 is divided by 17?
14
What is the remainder when 8898769 is divided by 552?
529
Calculate the remainder when 33728 is divided by 1467.
1454
Calculate the remainder when 14627799 is divided by 14627792.
7
Calculate the remainder when 159761 is divided by 39541.
1597
Calculate the remainder when 349873 is divided by 1366.
177
Calculate the remainder when 901809 is divided by 2947.
27
Calculate the remainder when 21087 is divided by 5245.
107
Calculate the remainder when 626554 is divided by 5496.
10
What is the remainder when 2388796 is divided by 3268?
3156
What is the remainder when 1658400 is divided by 2400?
0
What is the remainder when 575225 is divided by 5139?
4796
What is the remainder when 4519847 is divided by 410?
7
Calculate the remainder when 4990550 is divided by 93.
77
Calculate the remainder when 520467691 is divided by 4.
3
Calculate the remainder when 657098 is divided by 1880.
978
Calculate the remainder when 335851 is divided by 2125.
101
Calculate the remainder when 20852678 is divided by 2378.
2374
What is the remainder when 126005046 is divided by 11308?
2
What is the remainder when 5426578 is divided by 63842?
8
What is the remainder when 503886 is divided by 18660?
66
What is the remainder when 12614 is divided by 1678?
868
Calculate the remainder when 11652275 is divided by 38.
31
What is the remainder wh